mposite number?
False
Is 12227 a prime number?
True
Is 3290509 a prime number?
True
Is 2777 a composite number?
False
Is 68879 a composite number?
False
Is 12097 composite?
False
Is 4229 composite?
False
Is 139 prime?
True
Is 4391 prime?
True
Is 897793 a composite number?
True
Is 145403 prime?
False
Is 849967 a composite number?
False
Is 20477 a prime number?
True
Is 53183 composite?
True
Is 1317 prime?
False
Is 647 a composite number?
False
Is 508841 a prime number?
True
Is 171611 a composite number?
True
Is 432317 prime?
True
Is 5461 a prime number?
False
Is 934301 a composite number?
False
Is 21833 a composite number?
True
Is 1571989 composite?
False
Is 9617 a composite number?
True
Is 475655 composite?
True
Is 2147219 prime?
False
Is 662 a composite number?
True
Is 73247 composite?
True
Is 3497 composite?
True
Is 11023 composite?
True
Is 9089 a composite number?
True
Is 373 a prime number?
True
Is 69521 a prime number?
False
Is 79907 composite?
False
Is 14047 a prime number?
False
Is 261841 a prime number?
False
Is 111653 prime?
True
Is 4127 a prime number?
True
Is 15541 a composite number?
False
Is 1047361 a composite number?
True
Is 107119 a composite number?
False
Is 64507 prime?
False
Is 6459 a prime number?
False
Is 1709 a prime number?
True
Is 20627 prime?
True
Is 13097 a composite number?
True
Is 3967 a composite number?
False
Is 637067 a composite number?
False
Is 9811 prime?
True
Is 316121 a prime number?
False
Is 61121 composite?
False
Is 1348103 prime?
False
Is 114883 composite?
False
Is 10783 a composite number?
True
Is 20369 a composite number?
False
Is 745 composite?
True
Is 101257 prime?
False
Is 311881 a prime number?
True
Is 150235 a prime number?
False
Is 9134 prime?
False
Is 948659 composite?
False
Is 10007 a prime number?
True
Is 5779105 a composite number?
True
Is 282507 a prime number?
False
Is 57119 a composite number?
False
Is 175949 a prime number?
True
Is 205373 prime?
False
Is 78593 a composite number?
False
Is 20789 composite?
False
Is 1485371 a composite number?
True
Is 137303 composite?
False
Is 10226 prime?
False
Is 6297 a composite number?
True
Is 391947 a composite number?
True
Is 800461 a composite number?
True
Is 497 composite?
True
Is 67679 prime?
True
Is 260905 a composite number?
True
Is 122489 composite?
False
Is 268831 composite?
True
Is 1017143 composite?
True
Is 243843 composite?
True
Is 5219 composite?
True
Is 173237 prime?
False
Is 9987 composite?
True
Is 30271 prime?
True
Is 4662985 a prime number?
False
Is 1354313 a prime number?
False
Is 25687 prime?
False
Is 28181 a composite number?
False
Is 150151 a composite number?
False
Is 125699 prime?
False
Is 2261531 composite?
False
Is 463469 a prime number?
False
Is 607417 a composite number?
False
Is 450469 composite?
True
Is 3989 prime?
True
Is 501 a prime number?
False
Is 8285 prime?
False
Is 653941 a composite number?
False
Is 262445 composite?
True
Is 269499 prime?
False
Is 118693 prime?
False
Is 34 a prime number?
False
Is 1373 composite?
False
Is 9079 a composite number?
True
Is 440009 a composite number?
False
Is 74827 composite?
False
Is 54761 a prime number?
False
Is 1270583 composite?
True
Is 20803 prime?
False
Is 1025693 prime?
True
Is 12202 prime?
False
Is 21869 a prime number?
False
Is 72679 composite?
False
Is 576641 a composite number?
True
Is 477827 a prime number?
False
Is 439717 a prime number?
False
Is 324209 a composite number?
False
Is 40151 composite?
False
Is 1289285 a prime number?
False
Is 4781 prime?
False
Is 15661 a prime number?
True
Is 21485 a composite number?
True
Is 187291 a prime number?
False
Is 9109 prime?
True
Is 99677 prime?
False
Is 52397 a composite number?
True
Is 62459 a composite number?
False
Is 39139 a composite number?
False
Is 10301 a prime number?
True
Is 191155 prime?
False
Is 30799 prime?
False
Is 1000011 a composite number?
True
Is 140083 a prime number?
False
Is 196681 composite?
False
Is 31637 a composite number?
True
Is 2521 a composite number?
False
Is 889849 prime?
False
Is 729493 prime?
True
Is 104999 a prime number?
True
Is 748567 a prime number?
True
Is 910391 composite?
True
Is 13681 prime?
True
Is 6467 prime?
False
Is 30746 composite?
True
Is 112397 composite?
False
Is 175946 a composite number?
True
Is 89857 composite?
True
Is 13918 a composite number?
True
Is 4691 composite?
False
Is 4381 prime?
False
Is 11199 prime?
False
Is 576643 composite?
True
Is 15917 a composite number?
True
Is 57773 a prime number?
True
Is 372257 prime?
False
Is 6323 composite?
False
Is 505027 a prime number?
True
Is 2727953 prime?
True
Is 231229 composite?
True
Is 81839 a prime number?
True
Is 15131 composite?
False
Is 37421 a composite number?
True
Is 17707 prime?
True
Is 293677 a composite number?
False
Is 77089 a prime number?
False
Is 16381 a composite number?
False
Is 395977 prime?
False
Is 1098301 composite?
False
Is 210439 a composite number?
True
Is 122979 a composite number?
True
Is 3683 prime?
False
Is 49559 prime?
True
Is 3308609 a composite number?
False
Is 294821 prime?
True
Is 1043547 a prime number?
False
Is 18931 a composite number?
True
Is 200611 prime?
False
Is 75419 composite?
True
Is 6081 a composite number?
True
Is 133879 a prime number?
False
Is 20297 prime?
True
Is 23451 a composite number?
True
Is 53797 prime?
False
Is 207093 a composite number?
True
Is 13773 a composite number?
True
Is 1146037 composite?
False
Is 80455 prime?
False
Is 4891 prime?
False
Is 19517 composite?
True
Is 265757 a prime number?
True
Is 14333 a composite number?
True
Is 900917 prime?
True
Is 3119 composite?
False
Is 5833 a composite number?
True
Is 53231 prime?
True
Is 88051 a prime number?
False
Is 7894 a composite number?
True
Is 6491 a prime number?
True
Is 3106003 prime?
True
Is 35942 a prime number?
False
Is 15869 composite?
True
Is 32313 composite?
True
Is 159097 a composite number?
False
Is 1151 composite?
False
Is 16669 a prime number?
False
Is 1711 a prime number?
False
Is 394333 prime?
False
Is 181903 a prime number?
True
Is 46219 a composite number?
False
Is 590489 composite?
False
Is 526387 prime?
True
Is 31523 prime?
False
Is 412717 prime?
True
Is 6289 a composite number?
True
Is 1833621 composite?
True
Is 45529 composite?
True
Is 76033 prime?
False
Is 7573639 a prime number?
True
Is 6583 prime?
False
Is 3847 prime?
True
Is 486833 composite?
False
Is 10783 a prime number?
False
Is 4357 a composite number?
False
Is 121 composite?
True
Is 6931 prime?
False
Is 81409 a prime number?
True
Is 74343 composite?
True
Is 68437 prime?
True
Is 55023 prime?
False
Is 61463 composite?
False
Is 760109 composite?
True
Is 9923 composite?
False
Is 15109 composite?
True
Is 467147 prime?
True
Is 33963 composite?
True
Is 22259 a prime number?
True
Is 14491 a prime number?
False
Is 3163 a prime number?
True
Is 624071 a prime number?
False
Is 219353 composite?
False
Is 1847 a prime number?
True
Is 36289 a composite number?
True
Is 140203 prime?
False
Is 17103 a composite number?
True
Is 642457 composite?
False
Is 44417 a composite number?
False
Is 14813 a prime number?
True
Is 2544383 prime?
True
Is 164809 a prime number?
True
Is 27673 prime?
True
Is 20593 prime?
True
Is 4783 composite?
False
Is 81143 composite?
True
Is 11413 a composite number?
True
Is 37451 a prime number?
False
Is 540677 a prime number?
True
Is 22465 a prime number?
False
Is 106231 a prime number?
False
Is 403757 a composite number?
False
Is 17807 a composite number?
False
Is 301577 prime?
True
Is 18881 a composite number?
True
Is 54853 a prime number?
False
Is 746567 prime?
False
Is 86711 composite?
False
Is 6595 a composite number?
True
Is 341333 composite?
False
Is 26371 a composite number?
False
Is 24469 a composite number?
False
Is 1366213 composite?
False
Is 19289 prime?
True
Is 12202 a prime number?
False
Is 156007 a composite number?
False
Is 80851 composite?
True
Is 18697 a prime number?
False
Is 37001 a prime number?
False
Is 750241 prime?
False
Is 9017 prime?
False
Is 74311 composite?
False
Is 55619 prime?
True
Is 65737 a prime number?
False
Is 85109 composite?
False
Is 119303 a composite number?
True
Is 5839 composite?
False
Is 12601 composite?
False
Is 306937 composite?
True
Is 1199885 prime?
False
Is 120639 composite?
True
Is 718249 a c